 + u(w). Let j be s(-1). Suppose -40 = -3*x + 4*p, j*p - 56 = -5*x - p. Is x a multiple of 12?
True
Suppose -4*a = 5*q - 29, -2*q = 2*a - 3*a - 9. Let p(z) = 39*z**3 + z**2 - z. Let t be p(a). Suppose -2*u + t + 3 = 0. Is 10 a factor of u?
False
Suppose 0 = 4*d - 2*s + 444, 4*d - s = -3*s - 444. Let h = 169 + d. Suppose -h = -2*b - 3*q, 2*b - 2*q - 46 = q. Does 14 divide b?
False
Suppose -14*b = -3*b - 264. Is 6 a factor of b?
True
Let z(x) = 4*x**2 - 5*x + 11. Let w(h) = 2*h**2 - 3*h + 6. Let b(c) = -5*w(c) + 3*z(c). Is b(-3) a multiple of 5?
False
Let v(g) = 4*g + 4. Does 6 divide v(8)?
True
Suppose 2*o - 4 - 4 = 0. Suppose 3*w - 2 = 3*r + o, w = 2*r - 1. Suppose r*z - 5*x = 10 + 96, -2*z + 69 = -5*x. Does 13 divide z?
False
Let u(x) = 8*x**2 - 2*x - 2. Does 17 divide u(-6)?
False
Let h = 5 + -3. Suppose -h*y + 29 + 7 = 0. Is 12 a factor of y?
False
Suppose 0 = -3*p - p - 12. Let o = 3 + p. Suppose 0 = -t - 4*x - o*x + 2, -5*t - 2*x = -46. Is 10 a factor of t?
True
Suppose 0 = -4*w + 3*k + 97, w + k + 24 = 2*w. Let c(b) = b**2 + 8*b - 5. Let s be c(-9). Suppose s*p + w = 97. Does 9 divide p?
True
Suppose 3*p = 5*r - 25, 4*p + 5 = 5*p - 5*r. Let g = p - -25. Is 5/g + (-43)/(-2) a multiple of 9?
False
Let c = 15 + -11. Let q = 5 - c. Does 5 divide q/(-3*1/(-30))?
True
Let s = 9 - 15. Let r = s - -9. Is 9 a factor of r*(1 + 0 + 2)?
True
Let n(h) = -h**3 + h**2 + h + 3. Let b be n(-3). Let o = 93 - b. Is 19 a factor of o?
True
Let k be 1/2*-2 + 1. Suppose 2*z = -5*o - 16, k = -0*o + o + 2. Is (-17)/z + 3/9 a multiple of 3?
True
Suppose -3*z + 10 = -26. Suppose l = 3*l - z. Is 3 a factor of 41/l + 3/18?
False
Let x = 59 - -13. Does 29 divide x?
False
Let r = -399 + 786. Is r a multiple of 17?
False
Let i(f) = f**2 + f. Let m(r) = -r**3 + 9*r**2 + r + 5. Let p(c) = -i(c) + m(c). Let g be p(8). Suppose -g*a = -34 - 56. Does 5 divide a?
False
Let m = -2 + 2. Suppose 4*x - 57 + 1 = m. Does 11 divide x?
False
Suppose 0*t - 3*t = 0. Suppose t = -x + 1, 0*v - 2*v + 45 = -x. Suppose -2*s + 9 = -5*l, -5*l + 7 - v = -3*s. Is 5 a factor of s?
False
Suppose 6*f = 2*f + 564. Suppose 4*v - p = -0*p + f, -4*v + 153 = 3*p. Is v a multiple of 13?
False
Let h(q) = -q**3 + 3*q**2 + 8*q + 2. Is 11 a factor of h(4)?
False
Suppose 0 = 4*g + 2*h - 874, -5*h - 241 = -g - h. Is 20 a factor of g?
False
Let g = 74 - 44. Suppose 2*x - g = 2. Is 9 a factor of x?
False
Suppose 4*c + 9*h = 4*h - 61, -3*c - h - 43 = 0. Is 4/(-14) - 60/c a multiple of 3?
False
Suppose 5 = 2*f + m, -3*m - 1 - 8 = 0. Suppose -k = -2*k + f. Suppose k = 2*z - 0. Is z a multiple of 2?
True
Let t be (-46)/(-14) + (-4)/14. Suppose 3 = -2*f - t, -2*c - f = -15. Let o = c - 5. Is o even?
True
Suppose 0 = -4*o + 2*g + 642, 6*o - 4*g - 330 = 4*o. Does 25 divide o?
False
Let i(k) = k**2 - 5*k. Suppose -6*c + 18 = -3*c. Does 6 divide i(c)?
True
Is 618/21 + -2*(-9)/(-42) a multiple of 8?
False
Let c(s) = -2*s + 28. Does 35 divide c(-21)?
True
Suppose 0 = -7*m + 12*m - 120. Is 12 a factor of m?
True
Let o = 5 - 1. Suppose -5*m = 5*b - 120, 2*m - o*b + 3*b = 36. Is 9 a factor of m?
False
Let i(s) = -s**3 + 5*s**2 + s + 4. Let j = -3 + 7. Does 12 divide i(j)?
True
Let g = -20 - -39. Suppose 5*d - g = 91. Does 19 divide d?
False
Suppose 0 = u - 42 - 47. Let j = -69 + 17. Let m = j + u. Is 17 a factor of m?
False
Suppose 0 = -f + 4*f - 21. Does 7 divide f?
True
Let p(n) = 3*n**2 + 4*n - 24. Is 20 a factor of p(-6)?
True
Suppose 5*s = -6 + 26. Let p(v) = v**3 - 2*v**2 - 5*v + 3. Is 5 a factor of p(s)?
True
Let b = -35 + 48. Is b a multiple of 2?
False
Suppose 0 = -4*r + 2 + 14. Suppose -r*o + 0*o = -24. Does 3 divide o?
True
Let c(z) = -z**3 + 7*z**2 + z + 3. Let o(i) = i**2 + 7. Let q be o(0). Does 10 divide c(q)?
True
Let w = 28 + -20. Does 8 divide w?
True
Suppose -4*p + 11 = -25. Suppose -3*u = p - 30. Does 4 divide u?
False
Suppose -8 = z + z - 4*v, 2*z + 22 = -3*v. Suppose 0 = 4*q - 3*u - 43, -5*q + 52 = 3*u - 22. Let s = z + q. Is s a multiple of 4?
False
Suppose -5*w = g - 7, -g = -5*w - 7 - 10. Suppose 7 = q + 5*h, g = 4*q - 3*q + 4*h. Does 14 divide q?
False
Let z(p) = p**3 - 8*p**2 - 7*p - 10. Let v be z(9). Suppose 19 + v = g. Is 20 a factor of g?
False
Suppose 5*a - 6 = v - 3, 4*v = a - 12. Suppose a*w = 2*w - 20. Is 3 a factor of w?
False
Suppose 0 = 4*d + a - 209 - 56, 4*d = 2*a + 262. Is 10 a factor of d?
False
Is (1 - (-3)/3)/((-2)/(-20)) even?
True
Let z(r) = r**2 - 3*r + 3. Let w be z(3). Suppose 2*j - 55 = -w*j. Is j a multiple of 5?
False
Suppose 65 = 5*s - 0*g - 3*g, -4*s - g = -52. Is 3 a factor of s?
False
Suppose b - 5 = -0*g - 3*g, -5*g = b - 7. Suppose -b*y = h - 23, -3*h = 15 - 0. Does 7 divide y?
True
Let s(q) be the third derivative of q**4/24 + q**3/2 - q**2. Let t be (-4)/16 + 58/8. Does 8 divide s(t)?
False
Suppose 5*g + 81 = 4*z, 3*g - 81 = -0*z - 3*z. Is 4 a factor of z?
True
Let c be 3 + -1 + -3 + -4. Does 8 divide 390/25 - 2/c?
True
Let l be -3*((-4)/(-3))/(-1). Suppose 0 = -4*f + 3*d + 30, -10 = -4*f + f - l*d. Let s = 16 - f. Does 8 divide s?
False
Let g be 14 + 2*(-2)/(-4). Let s be 15*(0 + 6/g). Suppose d - s = 2. Does 3 divide d?
False
Does 14 divide 6*((-3)/12 - 107/(-4))?
False
Let m(s) = s**3 + 11*s**2 + 6*s + 14. Suppose -41 = 5*y + 9. Is m(y) a multiple of 9?
True
Let s(b) = -4*b**3 - 2*b**2 + 1. Let z be s(-1). Suppose -2 = -z*l + 1. Suppose 5*h - 34 = -4*g - l, -4*g - 21 = -h. Is h a multiple of 6?
False
Let a(t) = -7*t**3 - 1. Let x be a(-1). Suppose 2*i - x = 2. Does 2 divide i?
True
Let y = 283 + -75. Is 13 a factor of y?
True
Let d(a) = 2*a + 2. Let h be d(-4). Is h*1*34/(-6) a multiple of 17?
True
Suppose 3*d - s = -1, -d - 3 = -0*d - 3*s. Let j = 3 + d. Is 2 a factor of j?
False
Let s be (-10 + 4)/((-2)/25). Suppose -3*n = 27 - s. Does 7 divide n?
False
Let i(z) = 2*z + 2. Let j(p) = -p**2 + 5*p + 7. Let u be j(6). Suppose -4*k + 11 = -u. Is i(k) a multiple of 8?
True
Let t = 60 + 140. Does 20 divide t?
True
Suppose 5*c = -g - 57 + 240, 4*g = 3*c - 96. Is (2/(-4))/((-1)/c) a multiple of 9?
True
Suppose 2*q - 114 = -4*q. Does 6 divide q?
False
Suppose 4*z - 5*x - 1048 = 0, 0*x - x - 4 = 0. Is 29 a factor of z?
False
Let c(o) = o + 6. Let s be c(8). Let w = s - -21. Does 10 divide w?
False
Suppose -150 = -3*h + 3*m, -h - 3*m = -11 - 19. Suppose -h = -u - w, -5*u - w + 139 = -90. Let g = 76 - u. Is 15 a factor of g?
True
Let t(v) be the first derivative of -v**2 + 64*v + 6. Is t(0) a multiple of 14?
False
Let p = 11 + 15. Suppose i - p = -i. Is i a multiple of 4?
False
Let y = 11 + 13. Suppose 0 = 4*q - 4*l - y, q - l + 30 = 4*q. Does 9 divide q?
True
Suppose 2*q - 3*q = 4. Is 6 a factor of (-2)/q*2 - -18?
False
Suppose -4 = -w - 3*w. Let t = w - -2. Suppose t = d - 1. Is 4 a factor of d?
True
Let s(n) = n**2 + 8*n + 2. Let c be s(-5). Let d = c + 19. Is d a multiple of 6?
True
Suppose -4*w + 4 = -b, -5 = b + 2*b - 5*w. Let c(v) = -v + 2. Does 2 divide c(b)?
True
Suppose 5*i + 2*n + 487 = 0, 3*i + 36 = 4*n - 251. Let r = -54 - i. Is r a multiple of 27?
False
Let c = 30 - -13. Is 7 a factor of c?
False
Let k be (0*(3 + -2))/2. Suppose 0 = b - k - 29. Does 16 divide b?
False
Let o = 36 - 21. Suppose 3 = 2*h - o. Suppose p - h = 3. Is 5 a factor of p?
False
Suppose -4*y = -0*y. Suppose -3*w - 20 = -2*v, y = 3*w + 4 + 8. Is ((-102)/9)/(v/(-6)) a multiple of 17?
True
Is 9 a factor of ((-6)/(-4))/((-17)/(-646))?
False
Let b be (14/(-5))/(4/(-10)). Let z = 11 - b. Suppose t + 0*f + 2*f = 27, 80 = z*t + f. Is 8 a factor of t?
False
Let v(a) = 96*a**2 + 3*a + 2. Does 20 divide v(-1)?
False
Let w = -4 - -7. Suppose 2 = 2*p + 2*q, -4*p = -w*p - 2*q - 7. Suppose 0*r + p*r - 117 = 0. Is 13 a factor of r?
True
Suppose -39 = -12*i + 9*i. Is i a multiple of 4?
False
Suppose 0 = 3*o - 5*u - 19, 13 = 2*o - 2*u - 1. Is o even?
True
Suppose -2*v - 12 = -0. Let s be 130/v + (-2)/(-3). Let p = 5 - s. Is p a multiple of 13?
True
Suppose -t = 5*r - 243, 12*r + 5*t = 7*r + 235. Is 12 a factor of r?
False
Let g = 45 - 82. Let d = g - -56. Does 19 divide d?
True
Let j(i) = 5*i + 4. Suppose -2*z - 5 = -3*z. Let f be j(z). Let y = f + 1. Is y a multiple of 11?
False
Let q(l) = 2*l**2 + 22*l - 2. Is q(-15) a multiple of 25?
False
Let q(f) = -f**2 + 9*f - 4. Let b be q(8). Is 3 a factor of